atest common factor of 2355 and 130.
5
Calculate the highest common factor of 64 and 1126560.
32
What is the highest common divisor of 183 and 329217?
183
What is the greatest common divisor of 2032 and 1392?
16
Calculate the highest common factor of 747 and 71131.
83
What is the highest common factor of 24 and 2131800?
24
Calculate the highest common divisor of 489709 and 11.
11
Calculate the greatest common factor of 2607 and 33.
33
Calculate the greatest common divisor of 595 and 3655.
85
Calculate the greatest common factor of 164 and 2609568.
164
What is the greatest common divisor of 37014 and 7960?
398
Calculate the highest common factor of 5420 and 9550.
10
Calculate the greatest common divisor of 15 and 1932285.
15
What is the highest common divisor of 1426 and 24403?
23
What is the highest common factor of 860 and 58265?
215
Calculate the greatest common divisor of 16850 and 3033.
337
What is the greatest common factor of 7847 and 23954?
413
Calculate the highest common divisor of 76 and 168808.
4
Calculate the highest common divisor of 92 and 1988879.
23
Calculate the highest common divisor of 190 and 17062.
38
Calculate the greatest common divisor of 9966 and 341.
11
What is the highest common factor of 2430 and 8460?
90
What is the greatest common divisor of 99 and 3850?
11
What is the greatest common factor of 40 and 2038740?
20
What is the highest common factor of 137504 and 544?
32
What is the highest common factor of 55225 and 1325?
25
Calculate the greatest common factor of 605241 and 63.
63
Calculate the greatest common factor of 2453220 and 28.
28
Calculate the greatest common factor of 11859 and 469.
67
Calculate the greatest common factor of 33012 and 4192.
524
What is the highest common factor of 15408 and 32?
16
Calculate the highest common divisor of 175 and 4525.
25
Calculate the greatest common divisor of 170100 and 63450.
1350
Calculate the greatest common factor of 678041 and 13.
13
Calculate the highest common factor of 2142875 and 3950.
1975
Calculate the greatest common divisor of 52940 and 190.
10
Calculate the greatest common divisor of 3328 and 20527.
13
What is the greatest common divisor of 1393 and 347653?
199
Calculate the greatest common divisor of 348143 and 1037.
17
Calculate the greatest common factor of 300 and 216420.
60
Calculate the highest common factor of 24 and 15680.
8
Calculate the highest common factor of 98 and 1045562.
98
What is the greatest common divisor of 1331 and 671?
11
What is the greatest common divisor of 104355 and 40?
5
Calculate the greatest common divisor of 352 and 2948.
44
What is the highest common divisor of 51905 and 70?
35
What is the greatest common divisor of 4883 and 105627?
257
Calculate the highest common factor of 195 and 432861.
39
What is the greatest common divisor of 111 and 13743909?
111
Calculate the highest common divisor of 44 and 1441748.
44
Calculate the highest common factor of 4312 and 292138.
1078
What is the greatest common factor of 5615 and 25?
5
What is the highest common factor of 49106 and 258?
86
What is the greatest common divisor of 20367 and 186?
93
Calculate the highest common factor of 95620 and 1820.
140
What is the highest common factor of 7321020 and 20?
20
Calculate the greatest common factor of 53320 and 56.
8
Calculate the greatest common factor of 1152 and 22536.
72
What is the greatest common divisor of 153174 and 98?
98
What is the highest common divisor of 144 and 326448?
144
Calculate the greatest common divisor of 1113264 and 208.
16
What is the greatest common factor of 54 and 563490?
54
Calculate the highest common divisor of 879 and 295051.
293
What is the greatest common divisor of 17641 and 14053?
299
Calculate the highest common divisor of 86076 and 204.
12
What is the highest common divisor of 48 and 25888?
16
What is the greatest common divisor of 3876 and 2679?
57
Calculate the highest common factor of 96 and 179456.
32
Calculate the highest common factor of 285 and 25365.
285
What is the highest common factor of 649506 and 130?
26
Calculate the highest common divisor of 1695 and 90870.
15
What is the greatest common divisor of 203547 and 57?
57
Calculate the highest common factor of 3173 and 931.
19
What is the highest common divisor of 1713063 and 6105?
1221
What is the highest common divisor of 732 and 6378?
6
Calculate the highest common factor of 87314 and 9376.
586
What is the greatest common divisor of 33046 and 62?
62
Calculate the highest common divisor of 120314 and 86.
86
Calculate the greatest common divisor of 2187 and 219.
3
Calculate the greatest common factor of 134502 and 348.
174
Calculate the greatest common divisor of 87010 and 42.
14
What is the greatest common divisor of 1027 and 3713?
79
Calculate the greatest common factor of 143892 and 192.
12
Calculate the highest common factor of 15803580 and 780.
780
What is the greatest common divisor of 6584 and 464?
8
Calculate the highest common divisor of 176939 and 471.
157
Calculate the greatest common factor of 160 and 331070.
10
What is the greatest common factor of 1265 and 17825?
115
Calculate the highest common factor of 27 and 732249.
9
What is the highest common factor of 4226727 and 102?
51
What is the greatest common divisor of 603 and 17775?
9
Calculate the greatest common divisor of 13897 and 62002.
1069
Calculate the highest common factor of 90 and 5688.
18
What is the highest common divisor of 86881 and 283?
283
Calculate the greatest common divisor of 4104 and 15656.
152
What is the highest common divisor of 572 and 10065484?
572
Calculate the highest common divisor of 595 and 3473372.
119
Calculate the highest common divisor of 964725 and 285.
285
What is the greatest common factor of 279463 and 289?
289
Calculate the greatest common factor of 11041 and 181.
181
Calculate the highest common factor of 168050 and 50.
50
What is the highest common divisor of 177 and 9322?
59
What is the greatest common factor of 25311 and 885?
177
Calculate the greatest common factor of 5072 and 32.
16
Calculate the greatest common factor of 1236 and 16892.
412
What is the greatest common factor of 19 and 3170207?
19
Calculate the greatest common divisor of 4134614 and 2.
2
What is the highest common divisor of 166315 and 1015?
145
What is the highest common factor of 966 and 435942?
138
What is the greatest common factor of 1697810 and 205?
205
What is the highest common divisor of 48126 and 78?
78
What is the greatest common factor of 660 and 460?
20
Calculate the highest common factor of 1198208 and 3520.
704
What is the greatest common factor of 1028 and 4928489?
257
What is the highest common divisor of 1240258 and 422?
422
What is the greatest common factor of 225 and 3525?
75
What is the greatest common factor of 676072 and 32?
8
Calculate the highest common factor of 256236 and 6812.
524
What is the greatest common divisor of 679044 and 852?
852
Calculate the highest common factor of 255762 and 2574.
234
Calculate the highest common divisor of 1144 and 1892.
44
What is the greatest common factor of 317 and 12121129?
317
What is the highest common divisor of 189761 and 1859?
143
What is the greatest common factor of 2733957 and 1926?
963
What is the highest common divisor of 4 and 308746?
2
Calculate the highest common divisor of 244 and 38857.
61
Calculate the greatest common factor of 32312 and 1736.
56
Calculate the greatest common divisor of 4324 and 736.
92
What is the highest common factor of 3422 and 10384?
118
What is the highest common factor of 1386 and 125622?
126
Calculate the greatest common factor of 6188 and 1680.
28
Calculate the greatest common factor of 980 and 15260.
140
Calculate the highest common divisor of 6 and 23304.
6
What is the greatest common divisor of 58 and 2699233?
29
Calculate the greatest common divisor of 667 and 13862.
29
Calculate the highest common factor of 9976 and 75864.
232
What is the greatest common factor of 131896 and 12?
4
Calculate the highest common factor of 100200 and 4800.
600
What is the greatest common divisor of 238 and 183022?
238
What is the highest common factor of 832665 and 15?
15
What is the highest common divisor of 272 and 252501?
17
Calculate the highest common factor of 304655 an